43
Let n(k) = 46*k**2 - 10*k + 11. Calculate n(1).
47
Let i(p) = -4*p - 15. Determine i(-10).
25
Let o(u) = -u**2 + 3*u. Give o(5).
-10
Let v(t) = -t**3 - 27*t**2 + 28*t - 39. Give v(-28).
-39
Let o(j) = 2*j + 2. Determine o(2).
6
Let l(z) = -4*z**2 + 16*z + 27. What is l(6)?
-21
Let g(a) = a**2 - 3*a - 8. What is g(5)?
2
Let n(a) = -a**3 + 2*a**2 - 4*a. Calculate n(0).
0
Let f(i) = -i**2 + 4*i - 12. What is f(6)?
-24
Let h(r) = -2*r**3 + 8*r**2 - 6*r + 2. What is h(5)?
-78
Let c(x) = -x**3 - 4*x**2 - 15*x - 25. Calculate c(-2).
-3
Let g(w) = w**2 - 4*w - 13. Calculate g(5).
-8
Let g(h) = h**2 + 23*h - 26. Calculate g(-24).
-2
Let z(t) = t**3 - 7*t**2 - 5*t - 16. What is z(8)?
8
Let d(n) = 2*n - 37. What is d(-9)?
-55
Let y(j) = -2*j**3 - 2*j - 2. Give y(-2).
18
Let f(j) = -2*j**2 - j - 39. Calculate f(9).
-210
Let x(h) = -h**3 - 14*h**2 - 31*h + 22. Determine x(-12).
106
Let f(j) = -7*j - 41. Give f(-6).
1
Let n(k) = k**3 - 9*k**2 + k + 11. Give n(9).
20
Let r(i) = i**3 - 8*i**2 + 9*i - 3. Give r(6).
-21
Let w(t) = t**3 - 17*t**2 + 7*t - 154. What is w(17)?
-35
Let w(z) = -54*z**2 - 110*z + 2. Determine w(-2).
6
Let j(q) = 2*q + 33. Calculate j(-15).
3
Let q(u) = -12*u**2 - u - 9. What is q(3)?
-120
Let b(x) = -3*x**2 + 152*x + 209. Give b(52).
1
Let c(h) = h**3 + 7*h**2 + 7*h - 1. Determine c(-5).
14
Let y(b) = 25*b**2 - 2*b + 2. Give y(1).
25
Let o(g) = -g**3 - 30*g**2 - 27*g + 57. What is o(-29)?
-1
Let d(u) = u**3 - 6*u**2 + 6*u - 9. Give d(6).
27
Let h(b) = b**3 - 5*b**2 + b - 12. Give h(5).
-7
Let x(d) = d**3 + 8*d**2 + 8*d + 9. Give x(-7).
2
Let g(h) = 3*h**3 + 3*h**2 + 7*h + 4. Determine g(-3).
-71
Let j(v) = -20*v - 68. What is j(3)?
-128
Let k(y) = -y**2 - 12*y + 16. Calculate k(-15).
-29
Let n(b) = b**2 + 45*b - 89. Give n(2).
5
Let a(h) = 2*h**2 + 15*h + 33. Give a(-7).
26
Let l(d) = 2*d**2 - 2*d - 5. Give l(-2).
7
Let w(j) = j**3 + 7*j**2 - 6*j + 6. Give w(-8).
-10
Let v(j) = 41*j**2 + 1. Give v(1).
42
Let k(c) = -3*c + 20. What is k(5)?
5
Let m(t) = t**3 + 5*t**2 - 16*t - 5. Determine m(-7).
9
Let i(r) = r**3 + 6*r**2 + 5*r - 14. Calculate i(-6).
-44
Let m(l) = -l**2 + l + 3. Give m(4).
-9
Let c(s) = -s**3 - 11*s**2 - 21*s - 17. What is c(-9)?
10
Let t(c) = -c**2 - 9*c + 18. What is t(-12)?
-18
Let y(o) = -o**3 - 18*o**2 + 19*o - 4. What is y(-19)?
-4
Let a(o) = -o + 14. Give a(10).
4
Let t(k) = 10*k + 308. What is t(-30)?
8
Let z(x) = 3*x**2 + 8*x - 12. Determine z(3).
39
Let l(d) = -31*d**3. Give l(1).
-31
Let f(v) = v**2 + 9*v + 12. Determine f(-9).
12
Let c(l) = l**3 + 7*l**2 + l - 1. Give c(-5).
44
Let y(g) = -g**3 - 5*g**2 + 7*g + 3. Give y(-6).
-3
Let p(n) = 3*n. What is p(2)?
6
Let j(t) = 8*t**2 + 46*t + 23. What is j(-5)?
-7
Let u(b) = 2*b - 21. Calculate u(19).
17
Let n(s) = 70*s + 913. What is n(-13)?
3
Let c(h) = -9*h + 417. Give c(47).
-6
Let v(s) = 44*s + 6. Calculate v(3).
138
Let o(x) = -x**3 + 28*x**2 - 30*x + 89. Give o(27).
8
Let j(k) = k**3 - 12*k**2 + 6*k + 8. Give j(11).
-47
Let b(o) = 2*o**2 + 6*o + 10. Calculate b(-7).
66
Let o(i) = 7*i + 8. What is o(-2)?
-6
Let t(x) = x**3 - 10*x**2 + 7*x - 5. Determine t(9).
-23
Let f(q) = -q**3 + 7*q**2 - 10*q + 3. What is f(5)?
3
Let r(h) = -3*h**2 + 2*h + 4. Give r(0).
4
Let b(x) = -3*x + 27. Give b(24).
-45
Let b(n) = 8*n + 8. Determine b(6).
56
Let g(s) = -s**2 + 13*s + 83. Calculate g(17).
15
Let d(r) = r**2 + 8*r - 1. What is d(-5)?
-16
Let x(k) = -2*k**2 + k - 3. Calculate x(-5).
-58
Let p(u) = 30*u - 2. What is p(-1)?
-32
Let n(x) = -8*x + 9. Determine n(2).
-7
Let p(w) = 10*w + 1. Calculate p(-3).
-29
Let y(k) = k**2 + 2*k + 4. Determine y(0).
4
Let h(i) = 33*i + 3. Calculate h(-1).
-30
Let o(p) = -4*p**2 - 23*p + 8. Give o(-6).
2
Let m(r) = -7*r + 232. What is m(35)?
-13
Let j(l) = -l**2 + 7*l - 4. Determine j(9).
-22
Let p(o) = 2*o**3 - 4*o**2 + 5*o - 1. Calculate p(4).
83
Let h(s) = -44*s + 46. Calculate h(1).
2
Let q(x) = 7*x**2 + 2*x. Give q(-2).
24
Let q(z) = 9*z + 1. Give q(-1).
-8
Let s(u) = -u + 3. Give s(5).
-2
Let a(k) = -k**2 + 23*k - 107. Calculate a(17).
-5
Let v(r) = -r + 5. Give v(-5).
10
Let m(l) = l**2 - 3*l - 2. Give m(2).
-4
Let t(p) = 2*p + 14. Calculate t(-10).
-6
Let r(s) = -s**2 - 3*s - 5. Calculate r(-4).
-9
Let q(i) = i**3 - 9*i**2 + 9*i - 7. Calculate q(8).
1
Let n(p) = -p**3 + 4*p**2 - 2*p + 10. Calculate n(4).
2
Let u(h) = -h**3 + 2*h**2 - 10*h - 7. What is u(5)?
-132
Let p(s) = 22*s**2 + 4*s - 3. Give p(1).
23
Let i(t) = -55*t + 2. Calculate i(-1).
57
Let i(k) = -2*k - 28. What is i(-18)?
8
Let r(t) = -6*t**2 - 10*t. Give r(-3).
-24
Let c(p) = -7*p**2 - 4*p + 2. What is c(2)?
-34
Let n(p) = -p**2 + 6*p + 2. What is n(6)?
2
Let a(j) = j - 1. Determine a(-2).
-3
Let h(d) = 2*d**2 - 20*d + 12. What is h(11)?
34
Let z(i) = 3*i**2 + i + 1. Determine z(2).
15
Let i(h) = 2*h + 14. Determine i(-8).
-2
Let v(q) = 8*q + 1. Determine v(-1).
-7
Let m(b) = -24*b**3 - 3*b**2 - 2*b. Determine m(-1).
23
Let q(r) = -r + 36. What is q(10)?
26
Let u(n) = 2*n**2 - 38. Calculate u(4).
-6
Let z(q) = -3*q**2 + 7*q - 2. What is z(3)?
-8
Let p(i) = 5*i**2 - 21*i + 1. What is p(4)?
-3
Let k(i) = 3*i**3 - 23*i**2 + 17*i - 16. Give k(7).
5
Let g(l) = -l - 9. What is g(8)?
-17
Let s(p) = p**3 - 4*p**2 - 3*p - 5. Give s(5).
5
Let c(z) = z**3 - 14*z**2 + 13*z + 10. What is c(13)?
10
Let c(w) = -w**3 + 11*w**2 - 2*w + 12. Give c(11).
-10
Let d(l) = -l**2 - 35*l - 174. Give d(-5).
-24
Let a(r) = -r + 19. Determine a(4).
15
Let h(t) = -t**3 - 13*t**2 - 36*t - 61. Calculate h(-10).
-1
Let m(f) = -16*f + 74. What is m(5)?
-6
Let o(r) = -r**3 + 7*r**2 + 20. What is o(6)?
56
Let r(v) = v**2 - 11*v - 9. Give r(13).
17
Let k(f) = -f**3 + 6*f**2 - 5*f - 1. What is k(3)?
11
Let b(m) = -20*m + 71. Calculate b(4).
-9
Let h(u) = -6*u**2 - 19*u - 8. Determine h(-3).
-5
Let s(h) = 15*h - 29. Calculate s(2).
1
Let y(i) = -i**2 + i - 17. Give y(0).
-17
Let s(w) = -w**2 - 8*w - 24. What is s(-11)?
-57
Let m(c) = -c**3 + 8*c**2 + 7*c - 7. Determine m(9).
-25
Let i(s) = s**2 - 13*s + 33. What is i(9)?
-3
Let i(n) = n**3 - 15*n**2 + 16*n - 18. What is i(14)?
10
Let q(d) = d**3 + 4*d**2 - 18*d - 24. Give q(-6).
12
Let g(r) = r - 2. Give g(4).
2
Let y(w) = -8*w + 46. Give y(6).
-2
Let t(o) = -29*o + 1. Determine t(-2).
59
Let k(l) = l**3 + 4*l**2 - l + 2. What is k(-4)?
6
Let j(d) = d**2 - 6*d + 5. What is j(3)?
-4
Let d(w) = w**3 + 13*w**2 + w + 29. Calculate d(0).
29
Let v(j) = -2*j**3 - 2*j - 3. Determine v(-3).
57
Let o(t) = t**3 + 6*t**2 + 5*t + 5. Determine o(-5).
5
Let w(r) = -r**2 - 4*r + 5. Calculate w(4).
-27
Let j(p) = -2*p - 7. Calculate j(-5).
3
Let g(p) = p**3 + 7*p**2. What is g(-7)?
0
Let m(r) = 31*r**3 - r. Determine m(-1).
-30
Let m(f) = -f**2 + 3*f. What is m(-3)?
-18
Let g(l) = -l**3 + 18*l**2 - 13*l - 30. Determine g(17).
38
Let j(x) = -2*x + 2. Determine j(5).
-8
Let h(p) = -2*p + 10. Determine h(4).
2
Let g(z) = z**3 + 18*z**2 + 22*z + 77. Determine g(-17).
-8
Let d(n) = n**2 - 29*n - 63. Determine d(-2).
-1
Let o(s) = -7*s**2 + s. Give o(-1).
-8
Let h(o) = -2*o**3 + 39*o**2 + 16*o + 76. What is h(20)?
-4
Let n(j) = -31*j - 219. Determine n(-7).
-2
Let g(x) = -x**3 + 4*x**2 + 3*x - 4. Determine g(-2).
14
Let t(u) = u**3 - 16*u**2 - 561*u + 1. Determine t(-17).
1
Let k(a) = -6*a**2 + 15*a - 25. Determine k(5).
-100
Let d(o) = o**3 + 6*o**2 + 5*o - 7. Calculate d(-5).
-7
Let x(f) = -3*f - 24. What is x(-12)?
12
Let g(z) = z**3 + 13*z**2 - z. Determine g(-13).
13
Let d(z) = -z**3 - 20*z**2 - 21*z - 38. Calculate d(-19).
0
Let j(z) = -z**3 - 5*z**2 + 6*z + 1. Give j(-6).
1
Let m(n) = 3*n - 8. What is m(2)?
-2
Let h(d) = d**2 - 7*d + 5. Determine h(4).
-7
Let k(c) = -10*c**3 - 2*c**2. Determine k(-2).
72
Let q(p) = 5*p. What is q(8)?
40
Let h(a) = 3*a**2 - 26*a + 21. What is h(8)?
5
Let s(a) = -10*a + 2. What is s(2)?
-18
Let g(c) = 3*c**2 - 2*c - 9. Determine g(2).
-1
Let t(s) = 3*s - 7. Determine t(0).
-7
Let o(a) = -a**3 + 15*a**2 - 3*a + 36. Give o(15).
-9
Let k(v) = -v**2 - 26*v - 60. What is k(-23)?
9
Let d(r) = r**3 - 8*r**2 + 9*r + 25. Determine d(6).
7
Let k(w) = w**3 + 4*w**2 - 9*w + 1. Calculate k(-5).
21
Let q(n) = -2*n**3 + 11*n**2 + n - 7. What is q(5)?
23
Let q(h) = 22*h + 18. What is q(-1)?
-4
Let o(i) = -7*i - 32. Give o(-8).
24
Let c(w) = w**3